prime factors of (-6)/9 + (-1995)/s?
13, 17
Let n be ((-9)/(-12) - 0)/(1/4). Suppose -2*q + 30 = 2*k, 3*k = -0*q + n*q + 45. Suppose k*t = 14*t + 68. What are the prime factors of t?
2, 17
Let w(d) = 23915*d**3 - 7*d**2 + 15*d - 12. What are the prime factors of w(1)?
23911
Suppose 8*h - 117 = -77. Suppose 4*i = -4*p + 1968, 10*i - h*i + 2*p = 2469. List the prime factors of i.
3, 5, 11
Let p = 185 - 204. Let n = 99 - p. What are the prime factors of n?
2, 59
Let k = -41 + 43. Let d be (k - (-7 + 3))*3*38. Suppose 4*p = -5*o + 5*p + d, 2*o + 5*p - 252 = 0. List the prime factors of o.
2, 17
Suppose -483*t + 8 = -487*t. List the prime factors of (-20)/(13/(1391/t)).
2, 5, 107
Let k(q) = 2*q + 14. Let z be k(-6). Suppose -5*x = -2*t + 11 - 3, z*t - 4*x - 8 = 0. Suppose 2*p - t*p = -200. What are the prime factors of p?
2, 5
List the prime factors of (-8950)/(-20)*(4 + 4 + (-166)/(-5)).
103, 179
Let p(h) = 1609*h + 132. List the prime factors of p(8).
2, 3251
Let d(b) = 344*b**2 + 787*b + 37. List the prime factors of d(11).
2, 139, 181
Let w(k) = 6*k + 158. Suppose -2*c = 4*h + 38, -7*c + 8*c + 40 = -5*h. List the prime factors of w(h).
2, 29
Let v = 8921 + -8437. What are the prime factors of v?
2, 11
Let s(i) be the first derivative of -i**3/3 - 5*i**2 - 13*i - 1. Let t be s(-9). What are the prime factors of (6/9)/(t/(-48))?
2
Suppose -15*i - 14*i + 2679908 = 854068. What are the prime factors of i?
2, 5, 787
Let o(p) = 110*p + 146. Let q be o(-32). Let g = q + 4953. What are the prime factors of g?
1579
Let h = -469 + 723. Let r = h + -127. Suppose 3*c = -91 + r. What are the prime factors of c?
2, 3
Let p = 1 - -7. Suppose -3*b + 15 = -p*b, 3*b - 11 = -4*v. Suppose 0 = v*s - 0*s - 665. List the prime factors of s.
7, 19
Let f(z) = 8*z + 20. Let r(o) = 15*o + 41. Let s(q) = 7*f(q) - 4*r(q). Suppose 2*w + 36 = -0*w. What are the prime factors of s(w)?
2, 3
Suppose 0 = -2973*a + 2988*a - 75000. List the prime factors of a.
2, 5
Let i = 33 + -22. Let j be (-18 - -1)/(i/(-66)). Suppose 7*y - 5*y = j. What are the prime factors of y?
3, 17
Suppose -4*g + 4*r = -40, 2*g + 4*r + 15 = g. Suppose -5*i + 30 = 3*b - 10, -3*b - g = -4*i. Suppose i*y - 10 = 80. What are the prime factors of y?
2, 3
Suppose -4*k - q - 352 + 50408 = 0, -5*q - 50056 = -4*k. What are the prime factors of k?
2, 6257
Suppose 3*b + x = 8*b + 165, -3*b - 97 = -x. Let c = b + 34. Let n(r) = -r**3 + 2*r**2 + 2*r + 107. List the prime factors of n(c).
107
Let l(u) = 275*u + 14. Let n(b) = b**3 - 20*b**2 + 22*b - 54. Let k be n(19). List the prime factors of l(k).
839
Suppose 3*p = 9*p - 312. Let u be 72/5*(-10)/(-3). Let b = p - u. List the prime factors of b.
2
Let f be (5265/30)/((-4)/8). What are the prime factors of (31/(-3))/(9/f)?
13, 31
Suppose -14*n = -22*n - 8. Let v be -147*(1 - 10/6). List the prime factors of v/28*(9 + n).
2, 7
What are the prime factors of 30/(420/171598) - (-1 - 1 - 0)?
13, 23, 41
List the prime factors of -59 + (31830 - 62) - (0/2 + -6).
5, 6343
Let n = 8165 - -6105. What are the prime factors of n?
2, 5, 1427
Suppose o - 4 - 5 = 0. Suppose -4*j - o = -33. List the prime factors of 4/5*15/j.
2
Suppose -5496 = -13*z + 1810. Let k = -272 + z. List the prime factors of k.
2, 5, 29
Let i(k) = -k**2 + 11. Let y be i(-4). Let z be 0 + (-233)/2 + y/(-10). Let x = z - -234. What are the prime factors of x?
2, 59
Suppose -10*a = -9*a. Suppose -5*r = -b + 22, -r + 4*r + 15 = a. Let t = 5 + b. List the prime factors of t.
2
Let h(m) = 3*m**2 - 17*m + 4. Suppose -3*c + 3*t = 118 - 346, 2*t - 316 = -4*c. Let g = c - 67. List the prime factors of h(g).
2, 3, 5
Suppose 35*v - 192 = 11*v. Suppose -1367 = -i + 3*a, -7*i = -v*i + a + 1367. List the prime factors of i.
1367
Suppose 176 + 14 = 2*b. Let g = b + -47. Suppose -3*x + 5*x = -2*q + g, -5*x - 3*q = -128. What are the prime factors of x?
2, 7
What are the prime factors of (-2 - 144/(-75)) + (-5051928)/(-350)?
2, 7, 1031
Suppose 18 = 4*g + 6, 0 = 2*l + 3*g - 25. Suppose 0 = -l*n + 2*n + 18. Suppose -5*p + 98 = -n*p. What are the prime factors of p?
7
Suppose 3*a - 56 = -50. Suppose a*q - z = 7*q + 488, -4*z - 90 = q. Let h = q + 215. List the prime factors of h.
3, 13
List the prime factors of (2 - (-402903)/11) + (-78)/143.
36629
Let x(d) = 4*d**2 + 6*d + 5. Let q be x(-2). List the prime factors of 305 - (q - (0 - -4)).
2, 3, 5
Let r be ((-16)/(-10))/(13/260). Suppose -34*v + r*v + 892 = 0. What are the prime factors of v?
2, 223
Let o = 300 + -141. Suppose 4785 = o*c - 154*c. What are the prime factors of c?
3, 11, 29
What are the prime factors of (((-81)/90)/9)/((-6)/(-255))*-5872?
2, 17, 367
Let z(i) = -3*i**3 - 7*i**2 - 7*i + 5. Let w be z(-4). Let a be (-5)/((-10)/w)*2. Let h = a + -25. What are the prime factors of h?
2, 11
Let i(o) = -203*o + 1534. List the prime factors of i(-8).
2, 1579
Let x(p) be the first derivative of -2*p**4 + p**2/2 + 33. Let z be x(-1). Suppose 12*s - z*s - 1305 = 0. What are the prime factors of s?
3, 29
Let w(v) = -45*v**2 - 8*v - 7. Let f be w(-1). Let n = 70 + f. What are the prime factors of n?
2, 13
Let k(t) = 9*t**2 - 159*t - 116. What are the prime factors of k(38)?
2, 13, 263
Let a be 4 - 0*(15/9)/(-5). Suppose -a*s - 280 = -3*b + 152, -3*b - s + 447 = 0. Let w = 344 - b. List the prime factors of w.
2, 7
Let u(m) = -2*m**2 - m - 2. Let v be u(2). Let s = 69 + -179. Let t = v - s. List the prime factors of t.
2, 7
Let g be (-1)/((-1)/3)*62/3. Let m = 26 + g. What are the prime factors of m?
2, 11
Suppose -2*q = -5*a - 883, -3*a - 6 = -3. List the prime factors of (1 - -2 - 0/8) + q.
2, 13, 17
Suppose 3*b = -2 + 5, 0 = -5*q - b - 1424. Let y = q + 450. Suppose -y = -w - 10*d + 7*d, 197 = w - 5*d. List the prime factors of w.
3, 59
Let s(d) be the first derivative of -2*d**4 + 7*d**2/2 + d + 21. List the prime factors of s(-3).
2, 7
List the prime factors of 306/(-816)*(-1763232)/18.
2, 18367
Let b be (8/52)/((-1)/(-13)). List the prime factors of 695 + b/8*4.
2, 3, 29
Let u = -153 - -440. Let a = 768 - u. List the prime factors of a.
13, 37
Let t(o) = 16*o - 9. Let c be t(18). Suppose -2*s = z - c - 449, -1835 = -5*s + 5*z. What are the prime factors of s?
5, 73
Let r = -38516 + 70597. What are the prime factors of r?
7, 4583
Suppose 0 = -2*m + 3*k + 16, 4*k = 3*m - 19 - 4. Suppose 21*g = -m*g + 234. List the prime factors of g.
3
Let s(d) = -648*d - 11208. What are the prime factors of s(-33)?
2, 3, 53
Suppose 61*m - 54*m = -651. List the prime factors of (3/((-36)/m))/((-10)/(-880)).
2, 11, 31
Suppose 15*n - n = 1806. Suppose -j = -n - 125. What are the prime factors of j?
2, 127
Let c be ((-9)/((-27)/8))/(4/18). Let s(y) = 17 - 7*y**2 + y**2 - 14*y - 3*y**3 - c*y + 25*y. List the prime factors of s(-5).
13, 19
Let z(q) = -8*q**3 + 673*q**2 + 17*q - 31. List the prime factors of z(83).
3, 37, 571
Let b = 7214 - 7070. What are the prime factors of b?
2, 3
Let j = -445 - -4056. What are the prime factors of j?
23, 157
Suppose -3285 - 4035 = -2*p. Suppose 0 = 13*t - 7*t - p. Suppose -1615 + t = -15*o. What are the prime factors of o?
67
Suppose 0 = p + 2*k - 6, 2*p + 2*k = -p + 6. Let i be (0 - -133) + (-9)/3. Suppose p = -2*t + 4*t - i. List the prime factors of t.
5, 13
Let k(w) = -2966*w - 1177. What are the prime factors of k(-6)?
16619
Let m(w) = 2*w**2 - 42*w + 43. Let j(v) = 3*v**2 - 2*v + 20. Let o be j(0). Let t be m(o). Suppose -56 = -t*k + 562. What are the prime factors of k?
2, 103
Suppose -9 = -46*u - 9. Let k(n) = -n + 2. Let b be k(-2). Suppose 0 = -r + 5*r + 4*h - 120, -b*r + h + 95 = u. List the prime factors of r.
5
Let i(c) = 60*c**2 + 477*c + 34. List the prime factors of i(-15).
6379
Let i = 33846 - 18794. List the prime factors of i.
2, 53, 71
Suppose 52*d = 186441 + 115523. What are the prime factors of d?
5807
List the prime factors of (-477)/(286/288 - (0 + 4 - 3)).
2, 3, 53
Suppose m + 3*a = -3, -15*m + 12*m + a = -1. Suppose 16*x + 159 - 4527 = m. What are the prime factors of x?
3, 7, 13
Let h(v) = 1032*v + 486. List the prime factors of h(8).
2, 3, 31, 47
Suppose 3*u + 4*h - 420 = 0, 0 = -2*u + 2*h + 442 - 148. What are the prime factors of (123/4)/(54/u)?
2, 41
Suppose -63*u + 65*u = -6. Let z be (1 - 2 - 2)*u/(-9). What are the prime 